 8*h. Calculate the remainder when 119 is divided by h.
9
Suppose 75 = -181*h + 182*h. Suppose w - z - 2*z = 22, 27 = 3*w + 4*z. Calculate the remainder when h is divided by w.
10
Let k = -35 - -60. Let q = 37 - k. Calculate the remainder when 47 is divided by q.
11
Let c = -325 - -500. What is the remainder when c is divided by 16?
15
Let v(u) = 39*u**2 - 56*u + 108. What is the remainder when 1210 is divided by v(2)?
146
Let k(g) = 2*g - 23. Let p(x) = 3*x - 35. Let t(l) = 8*k(l) - 5*p(l). Let u be t(9). What is the remainder when (-296)/(-8)*(1 - u) is divided by 13?
11
Let w(v) = -v**3 - v**2 - v + 48. Calculate the remainder when (6 + 0)*1 - (-2024)/23 is divided by w(0).
46
Let y(d) = d**3 + 17*d**2 - 15*d + 41. Let k be y(-18). Let w be ((-14)/4)/((-1)/4). Let g = w - k. What is the remainder when g is divided by 15?
12
Let b(n) = -n**3 - 6*n**2 - 5*n + 13. Let f be b(-6). Let w(o) = -f*o + 20*o + 1 + 24*o. Calculate the remainder when 19 is divided by w(4).
4
Suppose 2*l + 2*b = 204, 95 = -4*l + 3*b + 468. Let d(z) = -z**2 - 17*z + 2. Let n be d(-12). Let k = l - n. Calculate the remainder when k is divided by 19.
16
Let u(b) = b**2 - 6*b - 370. Let j(m) = -2*m**3 - 2*m**2 + 5*m + 6. Let t be ((-8)/6)/(3/9). Calculate the remainder when j(t) is divided by u(23).
19
Suppose 7*r = 1261 + 1035. Calculate the remainder when r is divided by 37.
32
Let q = -139 + 211. Suppose 3*u + 102 = 3*p - 0*p, -2*u - q = -3*p. What is the remainder when 44 is divided by (-456)/u - (-2)/(-10)?
14
Let p = -112 - -128. Let q = -39 - -65. What is the remainder when q is divided by p?
10
Let j be ((-14)/4 - -6)*(-4)/(-10). Calculate the remainder when 1/(-2 + (-214)/(-106)) is divided by ((-14)/(-5))/(j*5/25).
11
Let z(d) = d**3 + 11*d**2 - d - 9. Let c be z(-11). Suppose -5*h - 5*w + 860 = 0, -410 + 66 = -c*h - 4*w. Calculate the remainder when h is divided by 44.
40
Let v(m) = -8*m - 26. What is the remainder when v(-6) is divided by ((-16)/(-10))/(4/30)?
10
Suppose -2*i + 94 = 16. Suppose 2*v - 6 = z + 1, -4*z = -4. Calculate the remainder when i is divided by -28*v/8*-1.
11
Let i(u) = u**3 + 34*u**2 + 116*u + 22. What is the remainder when i(-30) is divided by 25?
17
Suppose -4*u - b + 4 = -43, 2*u = 4*b + 46. Calculate the remainder when 102 is divided by u.
11
Suppose f = -3*g, 3*g - 48 = 3*f - 0*g. Calculate the remainder when (f + -9)/(1/(-3)) is divided by 16.
15
Let y be (6/(-15))/((-2)/530). Let d = 134 - y. What is the remainder when 138 is divided by d?
26
Let a = 132 + -78. Suppose -360 - a = -3*o. What is the remainder when o is divided by 14?
12
Suppose -3*f = 0, 4*z + 4*f + 120 = 376. Let c = 346 - z. What is the remainder when (c/(-9))/(8/(-12)) is divided by 16?
15
Let v(r) = r**2 - 9*r + 70. Calculate the remainder when 158 is divided by v(7).
46
Suppose -2*w = 2*w - 252. Let i = 28480 - 28463. What is the remainder when w is divided by i?
12
Let s = 4 - -12. Suppose 2*t - 54 + s = 0. What is the remainder when 219/4 + 12/(-16) is divided by t?
16
Let v(t) = 11*t**2 - 13*t + 14. What is the remainder when (60/8)/(2/28) is divided by v(1)?
9
Let v(d) = -70*d + 6. What is the remainder when v(-1) is divided by 27?
22
Let o = 2 + 1. Let r = -127 + 132. Suppose -o*k + r = 5*z - 0, k = -4*z - 10. What is the remainder when k is divided by 6?
4
Let d = 68 + -48. What is the remainder when (-5)/((-10)/76)*(2 - 1) is divided by d?
18
Let g(f) = -f**3 + f**2 + f + 3. Let t = 9 - 9. Calculate the remainder when 12 is divided by g(t).
0
Let i = -405 + 682. What is the remainder when i is divided by 58?
45
Let k be (2 - -16)*(-35)/(-15). Suppose 7*s - k = -w + 3*s, 0 = w - 5*s - 69. What is the remainder when w is divided by 11?
10
Suppose 0 = 5*i + 2*w + 18, 2*i - w + 16 = -4*w. Let c(v) = -3*v + 6 - 7 + 0 + 16*v**2. What is the remainder when c(i) is divided by 18?
15
Let p(v) = 98*v - 47. Calculate the remainder when 51 is divided by p(1).
0
Let b(a) = -2*a**3 - 3*a**2 + 3*a + 4. Let g be b(-3). Suppose t + t = g. What is the remainder when t is divided by 7?
4
Suppose 3*c + 14 = 5. Let n = c + 4. Let h = 50 + -47. Calculate the remainder when h is divided by n.
0
Suppose -32*a + 91 = -25*a. What is the remainder when a is divided by 13?
0
Let i(o) = 3*o + 8. Let y(w) = w. Let f(h) = i(h) - 2*y(h). Suppose 0 = -3*x - 4*b + 5*b - 12, -x - 4 = -2*b. Calculate the remainder when 9 is divided by f(x).
1
Let j(a) = 12*a + 16. Calculate the remainder when 29 is divided by j(0).
13
Let k = 43 - 17. What is the remainder when k is divided by 20?
6
Let n = -545 - -861. What is the remainder when n is divided by 101?
13
Let k(m) = -m**3 - 10*m**2 + 2*m - 9. Let s(q) = -q - 17. Let g be s(-6). What is the remainder when k(g) is divided by 31?
28
Suppose 0 = 2*p + 8 - 20. Suppose 173*n = 169*n - 3*a + 26, 5*a - 28 = n. What is the remainder when p is divided by n?
0
Let i(z) = z**3 + 7*z**2 + 2*z - 10. Let b be i(-6). Suppose 2*g + 0*g = 4*n - b, 4*g = -3*n + 5. Let h = 12 - n. What is the remainder when h is divided by 5?
4
Calculate the remainder when 63 is divided by (4/(-3))/(-6 + (-428)/(-72)).
15
Let z be (-3)/(-8)*12 - (-1)/(-2). What is the remainder when 45 is divided by 4/(-3)*(-6)/z + 22?
21
Suppose -5*x = 2*y - 56, -3*x + 3*y - 1 + 22 = 0. What is the remainder when 79 is divided by x?
9
Let u = 0 + -1. Let v = u - -14. Suppose -25*s = -211 - 689. Calculate the remainder when s is divided by v.
10
What is the remainder when (-2)/(6/(-4) + (-5325)/(-3570)) is divided by 16?
14
Let t = 578 - 571. What is the remainder when 44 is divided by t?
2
Suppose 0 = x - 4*s - 82, -79 = -x + 3*s - 0*s. What is the remainder when x is divided by 40?
30
Let q(x) = x**3 - 4*x**2 - 3*x - 2. Let d be q(-5). Let j(n) = -3*n**2 - n + 18. Let z be j(-7). Let w = z - d. Calculate the remainder when w is divided by 23.
21
Suppose -19*h - 89 = -241. What is the remainder when 53 is divided by h?
5
Let w = 202 - 175. Calculate the remainder when 62 is divided by w.
8
Suppose -12 = p - 3*n, -4*p + 9*n - 6*n = 84. Let h(k) = k + 1. Let f be h(5). Calculate the remainder when 13 is divided by (p/9)/((-2)/f).
5
Suppose 11*w + 25 = 16*w. Suppose -4*a - 29 + 186 = -3*n, -w*n + 25 = 0. What is the remainder when a is divided by 11?
10
Suppose 0 = 19*y - 99 - 357. Suppose 4*t - 1 = 5*t, 4*c + t - 271 = 0. Calculate the remainder when c is divided by y.
20
Let v(j) be the second derivative of -j**4/12 + 5*j**3/3 - 5*j**2/2 - 14*j. What is the remainder when 30 is divided by v(7)?
14
Let f(t) = 23*t - 214. Calculate the remainder when 249 is divided by f(15).
118
Suppose 0 = 826*b - 832*b + 480. Let q(d) = d**2 + d - 3. What is the remainder when b is divided by q(-6)?
26
Suppose 0 = d, -5*h + 5*d + 3 = -12. What is the remainder when 5/(10/h)*26 is divided by (3 + 0)*30/9?
9
Let i(g) = 3*g + 8. Suppose -26*f - 22 + 152 = 0. What is the remainder when i(7) is divided by f?
4
Suppose -12*q + 1084 = 376. Calculate the remainder when 467 is divided by q.
54
Let j = -28 - -26. Calculate the remainder when (j/4)/(11/(-770)) is divided by 19.
16
Let w(j) = -5*j + 16. Let c be w(-6). Let k = 90 - c. What is the remainder when 86 is divided by k?
42
Let c = 97 - 79. Suppose 4*x = 3*d + 313, 0 = -2*d + 5*d - x + 301. Let s = d + 169. What is the remainder when s is divided by c?
16
Let a be (-4)/(-2) - (5 + -2). What is the remainder when 58 is divided by 8*(-4 - (-12)/8)*a?
18
Let c be (0/21)/(0 + 2). Let u be 7 - (-2 - c/(-4)). Let r = u - -4. Calculate the remainder when r is divided by 5.
3
Let x(m) = m. Let i(s) = 8*s + 5. Let k(a) = -i(a) - x(a). What is the remainder when k(-2) is divided by 8?
5
Suppose 0 = -406*s + 414*s - 360. Calculate the remainder when 118 is divided by s.
28
Suppose m - 18 - 19 = 0. Let z = 96 + 51. Calculate the remainder when z is divided by m.
36
Suppose -l - 2*b + 4 + 10 = 0, 0 = -l + 4*b + 32. What is the remainder when 292 is divided by l?
12
Let m(k) = 6*k - 2. Let r be (4 - 7)*26/(-6). Suppose -l - 2 = -b - 1, l + r = 5*b. Calculate the remainder when 19 is divided by m(l).
9
Let p(x) = 7*x + 194. What is the remainder when p(12) is divided by 29?
17
Suppose -33 = 11*g - 22*g. Suppose 0*q - g*q = -n - 11, q = -5*n + 25. What is the remainder when 